 prime factors of 209737.
11, 23, 829
What are the prime factors of 258741?
3, 7, 37
What are the prime factors of 2819917?
73, 38629
List the prime factors of 4071038.
2, 89, 22871
What are the prime factors of 4511220?
2, 3, 5, 7, 23, 467
List the prime factors of 5959827.
3, 662203
List the prime factors of 487765.
5, 97553
List the prime factors of 195929.
195929
What are the prime factors of 13129?
19, 691
What are the prime factors of 463039?
73, 6343
List the prime factors of 27270792.
2, 3, 378761
What are the prime factors of 1913346?
2, 3, 106297
What are the prime factors of 1401446?
2, 17, 47, 877
List the prime factors of 174230.
2, 5, 7, 19, 131
What are the prime factors of 155599?
155599
List the prime factors of 226607.
41, 5527
List the prime factors of 179489.
239, 751
List the prime factors of 17559361.
31, 566431
What are the prime factors of 1919659?
7, 274237
What are the prime factors of 2541490?
2, 5, 7, 36307
What are the prime factors of 2320188?
2, 3, 13, 107, 139
What are the prime factors of 190170?
2, 3, 5, 2113
List the prime factors of 460068.
2, 3, 7, 5477
What are the prime factors of 2597715?
3, 5, 57727
List the prime factors of 19523986.
2, 31, 314903
List the prime factors of 95076.
2, 3, 19, 139
What are the prime factors of 1367709?
3, 7, 65129
List the prime factors of 11191716.
2, 3, 173, 599
List the prime factors of 1280694.
2, 3, 213449
What are the prime factors of 866263?
283, 3061
List the prime factors of 2368032.
2, 3, 17, 1451
What are the prime factors of 2004193?
1279, 1567
What are the prime factors of 2885495?
5, 17, 83, 409
What are the prime factors of 5097925?
5, 7, 29131
What are the prime factors of 329891?
329891
List the prime factors of 499307.
17, 23, 1277
What are the prime factors of 917171?
23, 39877
List the prime factors of 250874.
2, 13, 9649
List the prime factors of 96687.
3, 3581
What are the prime factors of 51335?
5, 10267
What are the prime factors of 2956023?
3, 7, 6703
What are the prime factors of 1520243?
139, 10937
List the prime factors of 4542102.
2, 3, 19, 233
List the prime factors of 21378.
2, 3, 7, 509
What are the prime factors of 11277485?
5, 433, 5209
List the prime factors of 194389.
13, 19, 787
List the prime factors of 14191416.
2, 3, 65701
List the prime factors of 210520.
2, 5, 19, 277
List the prime factors of 349274.
2, 174637
List the prime factors of 204051.
3, 17, 4001
What are the prime factors of 119329?
7, 17047
What are the prime factors of 12730429?
31, 410659
What are the prime factors of 16400842?
2, 37, 251, 883
What are the prime factors of 5771505?
3, 5, 23, 16729
What are the prime factors of 132130?
2, 5, 73, 181
What are the prime factors of 1181498?
2, 101, 5849
List the prime factors of 356681.
13, 27437
List the prime factors of 4863940.
2, 5, 243197
What are the prime factors of 420459?
3, 13, 10781
What are the prime factors of 4022871?
3, 47, 103, 277
List the prime factors of 14650680.
2, 3, 5, 11, 1009
List the prime factors of 5210658.
2, 3, 137, 2113
List the prime factors of 365839.
365839
What are the prime factors of 1079293?
29, 37217
List the prime factors of 14616295.
5, 37, 41, 47
What are the prime factors of 6937219?
677, 10247
List the prime factors of 733347.
3, 157, 173
List the prime factors of 4345703.
4345703
List the prime factors of 45421.
53, 857
List the prime factors of 256770.
2, 3, 5, 317
List the prime factors of 2697638.
2, 29, 46511
What are the prime factors of 3142635?
3, 5, 53, 59, 67
What are the prime factors of 5186537?
67, 199, 389
List the prime factors of 16747043.
1699, 9857
List the prime factors of 662713.
662713
What are the prime factors of 2745534?
2, 3, 11, 17, 2447
List the prime factors of 410195.
5, 82039
List the prime factors of 6078568.
2, 759821
What are the prime factors of 8905850?
2, 5, 178117
List the prime factors of 297123.
3, 99041
What are the prime factors of 788023?
788023
What are the prime factors of 8607697?
7, 43, 28597
What are the prime factors of 10477687?
11, 191, 4987
List the prime factors of 1069803.
3, 7, 16981
What are the prime factors of 136267?
43, 3169
List the prime factors of 59581.
59581
List the prime factors of 6398270.
2, 5, 29, 22063
List the prime factors of 3179953.
7, 73, 127
What are the prime factors of 3440493?
3, 7, 97, 563
What are the prime factors of 5346884?
2, 233, 5737
List the prime factors of 8704379.
29, 300151
What are the prime factors of 4268721?
3, 1422907
What are the prime factors of 445876?
2, 17, 79, 83
List the prime factors of 2370425.
5, 53, 1789
What are the prime factors of 229930?
2, 5, 22993
List the prime factors of 315994.
2, 7, 22571
What are the prime factors of 137338?
2, 68669
What are the prime factors of 759850?
2, 5, 7, 13, 167
What are the prime factors of 504187?
504187
What are the prime factors of 251563?
13, 37, 523
List the prime factors of 7081463.
89, 251, 317
List the prime factors of 3054438.
2, 3, 169691
List the prime factors of 3617371.
23, 157277
What are the prime factors of 5062666?
2, 7, 53, 6823
What are the prime factors of 276606?
2, 3, 11, 127
List the prime factors of 1918286.
2, 959143
List the prime factors of 14998225.
5, 11, 54539
List the prime factors of 16041884.
2, 4010471
What are the prime factors of 700857?
3, 43, 1811
What are the prime factors of 7149377?
19, 376283
What are the prime factors of 1018680?
2, 3, 5, 13, 653
What are the prime factors of 630819?
3, 7, 17, 19, 31
What are the prime factors of 1515649?
19, 241, 331
List the prime factors of 230474.
2, 115237
What are the prime factors of 499183?
499183
List the prime factors of 28164747.
3, 13, 722173
List the prime factors of 364872.
2, 3, 23, 661
What are the prime factors of 2470191?
3, 29, 28393
What are the prime factors of 285523?
7, 5827
What are the prime factors of 401283?
3, 44587
List the prime factors of 1728789.
3, 173, 3331
List the prime factors of 329442.
2, 3, 54907
What are the prime factors of 338217?
3, 11, 37, 277
List the prime factors of 8411511.
3, 2803837
List the prime factors of 598680.
2, 3, 5, 1663
List the prime factors of 3888032.
2, 121501
List the prime factors of 1174423.
1174423
List the prime factors of 2022643.
7, 17, 23, 739
List the prime factors of 1471214.
2, 17, 43271
List the prime factors of 1706373.
3, 63199
What are the prime factors of 13617805?
5, 2723561
List the prime factors of 102809.
7, 19, 773
What are the prime factors of 388816?
2, 19, 1279
List the prime factors of 6995417.
11, 13, 53, 71
What are the prime factors of 14963?
13, 1151
List the prime factors of 554732.
2, 138683
What are the prime factors of 383476?
2, 95869
List the prime factors of 1950680.
2, 5, 48767
What are the prime factors of 171864?
2, 3, 7, 11, 31
What are the prime factors of 117223?
117223
What are the prime factors of 288718?
2, 241, 599
What are the prime factors of 7636731?
3, 263, 9679
What are the prime factors of 423161?
41, 10321
What are the prime factors of 426848?
2, 13339
List the prime factors of 4489818.
2, 3, 281, 2663
What are the prime factors of 7442796?
2, 3, 620233
List the prime factors of 253532.
2, 241, 263
What are the prime factors of 135829?
135829
What are the prime factors of 12644454?
2, 3, 37, 56957
What are the prime factors of 285106?
2, 142553
List the prime factors of 112593.
3, 13, 2887
What are the prime factors of 8045859?
3, 43, 97, 643
What are the prime factors of 38648546?
2, 19, 173, 5879
What are the prime factors of 447734?
2, 7, 31981
List the prime factors of 465738.
2, 3, 7, 13, 853
List the prime factors of 1674601.
1674601
What are the prime factors of 153798?
2, 3, 25633
List the prime factors of 1212747.
3, 404249
What are the prime factors of 32117625?
3, 5, 28549
List the prime factors of 138979.
47, 2957
List the prime factors of 13324529.
19, 701291
What are the prime factors of 1958675?
5, 78347
What are the prime factors of 671657?
7, 229, 419
List the prime factors of 2238148.
2, 11, 50867
List the prime factors of 8718004.
2, 191, 11411
What are the prime factors of 12955874?
2, 293, 22109
List the prime factors of 60839.
83, 733
What are the prime factors of 615109?
11, 199, 281
What are the prime factors of 921